{"id":20,"date":"2015-11-19T19:04:56","date_gmt":"2015-11-19T18:04:56","guid":{"rendered":"http:\/\/www.schuetzenverein-mariazell.net\/?page_id=20"},"modified":"2017-04-26T18:27:47","modified_gmt":"2017-04-26T16:27:47","slug":"jugend","status":"publish","type":"page","link":"https:\/\/www.schuetzenverein-mariazell.net\/?page_id=20","title":{"rendered":"Jugend"},"content":{"rendered":"<p style=\"text-align: center;\"><strong>Jugend aus dem Mariazellerland<\/strong><\/p>\n<p style=\"text-align: center;\"><strong>ist im Sch\u00fctzenverein immer willkommen!<\/strong><\/p>\n<p style=\"text-align: center;\">Jeden Mittwoch um 17 Uhr, au\u00dfer an Feiertagen wird Jugendtraining,<\/p>\n<p style=\"text-align: center;\">(je nach k\u00f6rperl. Verfassung ab ca. 10 Jahren) angeboten.<\/p>\n<p style=\"text-align: center;\">Der sichere Umgang mit dem Sportger\u00e4t<\/p>\n<p style=\"text-align: center;\">und der Ablauf zum Treffer in die Mitte der Scheibe wird erkl\u00e4rt und ge\u00fcbt.<\/p>\n<p style=\"text-align: center;\">Leihsportger\u00e4te sind vorhanden.<\/p>\n<p style=\"text-align: center;\">Auch die Eltern sind herzlich eingeladen mitzuerleben,<\/p>\n<p style=\"text-align: center;\">wie diszipliniert und abwechslungsreich<\/p>\n<p style=\"text-align: center;\">diese \u00dcbungsabende durchgef\u00fchrt werden.<\/p>\n","protected":false},"excerpt":{"rendered":"<p>Jugend aus dem Mariazellerland ist im Sch\u00fctzenverein immer willkommen! Jeden Mittwoch um 17 Uhr, au\u00dfer an Feiertagen wird Jugendtraining, (je nach k\u00f6rperl. Verfassung ab ca. 10 Jahren) angeboten. Der sichere Umgang mit dem Sportger\u00e4t und der Ablauf zum Treffer in die Mitte der Scheibe wird erkl\u00e4rt und ge\u00fcbt. Leihsportger\u00e4te sind vorhanden. Auch die Eltern sind [&hellip;]<\/p>\n","protected":false},"author":1,"featured_media":0,"parent":0,"menu_order":0,"comment_status":"closed","ping_status":"closed","template":"","meta":{"ngg_post_thumbnail":0,"footnotes":""},"_links":{"self":[{"href":"https:\/\/www.schuetzenverein-mariazell.net\/index.php?rest_route=\/wp\/v2\/pages\/20"}],"collection":[{"href":"https:\/\/www.schuetzenverein-mariazell.net\/index.php?rest_route=\/wp\/v2\/pages"}],"about":[{"href":"https:\/\/www.schuetzenverein-mariazell.net\/index.php?rest_route=\/wp\/v2\/types\/page"}],"author":[{"embeddable":true,"href":"https:\/\/www.schuetzenverein-mariazell.net\/index.php?rest_route=\/wp\/v2\/users\/1"}],"replies":[{"embeddable":true,"href":"https:\/\/www.schuetzenverein-mariazell.net\/index.php?rest_route=%2Fwp%2Fv2%2Fcomments&post=20"}],"version-history":[{"count":5,"href":"https:\/\/www.schuetzenverein-mariazell.net\/index.php?rest_route=\/wp\/v2\/pages\/20\/revisions"}],"predecessor-version":[{"id":1211,"href":"https:\/\/www.schuetzenverein-mariazell.net\/index.php?rest_route=\/wp\/v2\/pages\/20\/revisions\/1211"}],"wp:attachment":[{"href":"https:\/\/www.schuetzenverein-mariazell.net\/index.php?rest_route=%2Fwp%2Fv2%2Fmedia&parent=20"}],"curies":[{"name":"wp","href":"https:\/\/api.w.org\/{rel}","templated":true}]}}